8.
824
What is the remainder when 24075 is divided by 8020?
15
What is the remainder when 15879 is divided by 8?
7
Calculate the remainder when 89367 is divided by 18.
15
Calculate the remainder when 485 is divided by 62.
51
Calculate the remainder when 4451 is divided by 131.
128
What is the remainder when 3843 is divided by 15?
3
Calculate the remainder when 170 is divided by 153.
17
What is the remainder when 3848 is divided by 957?
20
Calculate the remainder when 1986 is divided by 907.
172
Calculate the remainder when 120182 is divided by 54.
32
Calculate the remainder when 128051 is divided by 582.
11
Calculate the remainder when 1600 is divided by 1563.
37
Calculate the remainder when 110221 is divided by 22.
1
Calculate the remainder when 14052 is divided by 968.
500
Calculate the remainder when 245188 is divided by 165.
163
What is the remainder when 95558 is divided by 937?
921
What is the remainder when 29964 is divided by 838?
634
Calculate the remainder when 840 is divided by 186.
96
What is the remainder when 3465 is divided by 324?
225
What is the remainder when 5779 is divided by 455?
319
Calculate the remainder when 34876 is divided by 21.
16
What is the remainder when 6462 is divided by 199?
94
Calculate the remainder when 5354 is divided by 97.
19
Calculate the remainder when 881 is divided by 50.
31
Calculate the remainder when 16594 is divided by 4127.
86
What is the remainder when 60042 is divided by 1278?
1254
What is the remainder when 271 is divided by 239?
32
What is the remainder when 510918 is divided by 8?
6
Calculate the remainder when 1441 is divided by 758.
683
What is the remainder when 6942 is divided by 3301?
340
What is the remainder when 35683 is divided by 741?
115
Calculate the remainder when 119133 is divided by 235.
223
What is the remainder when 2656 is divided by 204?
4
Calculate the remainder when 802 is divided by 87.
19
Calculate the remainder when 580226 is divided by 367.
366
Calculate the remainder when 272873 is divided by 720.
713
Calculate the remainder when 133457 is divided by 118.
117
What is the remainder when 12454 is divided by 1131?
13
What is the remainder when 2009 is divided by 37?
11
What is the remainder when 4469094 is divided by 17?
15
What is the remainder when 6902 is divided by 1148?
14
What is the remainder when 2585 is divided by 590?
225
Calculate the remainder when 2939 is divided by 149.
108
What is the remainder when 104988 is divided by 54?
12
What is the remainder when 1754479 is divided by 65?
64
Calculate the remainder when 4043001 is divided by 14.
11
Calculate the remainder when 13992 is divided by 184.
8
What is the remainder when 205553 is divided by 6?
5
Calculate the remainder when 50058 is divided by 24997.
64
Calculate the remainder when 38085 is divided by 10.
5
Calculate the remainder when 41588 is divided by 1460.
708
What is the remainder when 30458 is divided by 1128?
2
Calculate the remainder when 594636 is divided by 93.
87
Calculate the remainder when 1178 is divided by 373.
59
What is the remainder when 768 is divided by 121?
42
What is the remainder when 5006 is divided by 186?
170
What is the remainder when 10072 is divided by 304?
40
Calculate the remainder when 1902 is divided by 338.
212
What is the remainder when 4868 is divided by 124?
32
What is the remainder when 5780 is divided by 1155?
5
What is the remainder when 49283 is divided by 30?
23
What is the remainder when 79364 is divided by 189?
173
What is the remainder when 286078 is divided by 96?
94
Calculate the remainder when 452061 is divided by 12.
9
What is the remainder when 379622 is divided by 37962?
2
What is the remainder when 45305 is divided by 9059?
10
Calculate the remainder when 7802 is divided by 28.
18
What is the remainder when 36674 is divided by 12224?
2
What is the remainder when 1774 is divided by 792?
190
Calculate the remainder when 5032 is divided by 157.
8
What is the remainder when 3272 is divided by 784?
136
Calculate the remainder when 25740 is divided by 19.
14
What is the remainder when 1091 is divided by 669?
422
Calculate the remainder when 355009 is divided by 487.
473
What is the remainder when 5440 is divided by 5396?
44
What is the remainder when 2547 is divided by 46?
17
What is the remainder when 1869 is divided by 132?
21
Calculate the remainder when 232734 is divided by 224.
222
What is the remainder when 327383 is divided by 34?
31
What is the remainder when 2094 is divided by 938?
218
Calculate the remainder when 309 is divided by 97.
18
Calculate the remainder when 10614 is divided by 46.
34
What is the remainder when 2305 is divided by 605?
490
Calculate the remainder when 17279 is divided by 8473.
333
Calculate the remainder when 171922 is divided by 644.
618
Calculate the remainder when 13899 is divided by 55.
39
What is the remainder when 4821 is divided by 1497?
330
Calculate the remainder when 1160 is divided by 385.
5
What is the remainder when 491019 is divided by 63?
60
What is the remainder when 6827 is divided by 3277?
273
Calculate the remainder when 94057 is divided by 7.
5
What is the remainder when 5084 is divided by 134?
126
Calculate the remainder when 6360 is divided by 8.
0
What is the remainder when 90397 is divided by 7?
6
What is the remainder when 37093 is divided by 1542?
85
Calculate the remainder when 5717 is divided by 520.
517
Calculate the remainder when 45279 is divided by 1274.
689
Calculate the remainder when 599553 is divided by 605.
603
Calculate the remainder when 22959 is divided by 112.
111
What is the remainder when 24236 is divided by 194?
180
What is the remainder when 7277 is divided by 486?
473
Calculate the remainder when 2377 is divided by 338.
11
Calculate the remainder when 3922 is divided by 1582.
758
What is the remainder when 2835 is divided by 569?
559
Calculate the remainder when 9848 is divided by 239.
49
Calculate the remainder when 63110 is divided by 28.
26
What is the remainder when 1643 is divided by 235?
233
What is the remainder when 18813 is divided by 16?
13
Calculate the remainder when 84642 is divided by 36.
6
Calculate the remainder when 1458 is divided by 259.
163
What is the remainder when 15480 is divided by 225?
180
What is the remainder when 24664 is divided by 8219?
7
Calculate the remainder when 350 is divided by 184.
166
Calculate the remainder when 42270 is divided by 10547.
82
Calculate the remainder when 10234 is divided by 20.
14
What is the remainder when 207056 is divided by 51764?
0
What is the remainder when 1631 is divided by 493?
152
What is the remainder when 6381 is divided by 19?
16
What is the remainder when 928 is divided by 58?
0
Calculate the remainder when 107782 is divided by 239.
232
Calculate the remainder when 212036 is divided by 30288.
20
What is the remainder when 403406 is divided by 14?
10
What is the remainder when 953 is divided by 329?
295
Calculate the remainder when 966 is divided by 56.
14
Calculate the remainder when 176108 is divided by 176076.
32
Calculate the remainder when 46377 is divided by 138.
9
What is the remainder when 189558 is divided by 17?
8
What is the remainder when 1187649 is divided by 38?
35
What is the remainder when 4468 is divided by 261?
31
What is the remainder when 1040857 is divided by 86?
85
What is the remainder when 376 is divided by 81?
52
Calculate the remainder when 9989 is divided by 149.
6
Calculate the remainder when 1180772 is divided by 1351.
1349
Calculate the remainder when 1509763 is divided by 78.
73
Calculate the remainder when 7580 is divided by 344.
12
What is the remainder when 116681 is divided by 553?
551
Calculate the remainder when 17325 is divided by 2163.
21
What is the remainder when 57444 is divided by 126?
114
Calculate the remainder when 129552 is divided by 614.
612
What is the remainder when 2856 is divided by 251?
95
What is the remainder when 255261 is divided by 7?
6
Calculate the remainder when 33989 is divided by 609.
494
What is the remainder when 615320 is divided by 59?
9
What is the remainder when 2701 is divided by 347?
272
Calculate the remainder when 4076 is divided by 581.
9
Calculate the remainder when 1742 is divided by 457.
371
Calculate the remainder when 54290 i